{"id":325,"date":"2025-05-28T09:37:42","date_gmt":"2025-05-28T09:37:42","guid":{"rendered":"https:\/\/festive-benz.2-56-99-18.plesk.page\/schornsteinfeger-liv-baden-wuerttemberg\/?page_id=325"},"modified":"2025-11-13T05:19:02","modified_gmt":"2025-11-13T05:19:02","slug":"berufsschule-und-ueba","status":"publish","type":"page","link":"https:\/\/schornsteinfegerinnung-tuebingen.de\/index.php\/berufsschule-und-ueba\/","title":{"rendered":"Berufsschule und \u00dcBA"},"content":{"rendered":"<p>[et_pb_section fb_built=&#8220;1&#8243; _builder_version=&#8220;4.27.4&#8243; _module_preset=&#8220;default&#8220; global_colors_info=&#8220;{}&#8220;][et_pb_row _builder_version=&#8220;4.27.4&#8243; _module_preset=&#8220;default&#8220; global_colors_info=&#8220;{}&#8220;][et_pb_column type=&#8220;4_4&#8243; _builder_version=&#8220;4.27.4&#8243; _module_preset=&#8220;default&#8220; global_colors_info=&#8220;{}&#8220;][et_pb_text _builder_version=&#8220;4.27.4&#8243; _module_preset=&#8220;default&#8220; global_colors_info=&#8220;{}&#8220;]<\/p>\n<h1>\u00dcbersicht Berufsschule und \u00dcBA<\/h1>\n<p>[\/et_pb_text][\/et_pb_column][\/et_pb_row][\/et_pb_section][et_pb_section fb_built=&#8220;1&#8243; _builder_version=&#8220;4.27.4&#8243; _module_preset=&#8220;default&#8220; custom_padding=&#8220;90px|||||&#8220; global_colors_info=&#8220;{}&#8220;][et_pb_row _builder_version=&#8220;4.27.4&#8243; _module_preset=&#8220;default&#8220; global_colors_info=&#8220;{}&#8220;][et_pb_column type=&#8220;4_4&#8243; _builder_version=&#8220;4.27.4&#8243; _module_preset=&#8220;default&#8220; global_colors_info=&#8220;{}&#8220;][et_pb_text _builder_version=&#8220;4.27.4&#8243; _module_preset=&#8220;default&#8220; global_colors_info=&#8220;{}&#8220;]<\/p>\n<p>BITTE BEACHTEN: Die Klasseneinteilung seitens der Schule kann sich zum neuen Schuljahr aufgrund Verk\u00fcrzung etc. \u00e4ndern!<\/p>\n<p>Durch die gestiegene Zahl der Azubis im 1. Lehrjahr mussten wir unseren \u00dcBA-Plan anpassen.<br \/>Bitte beachten Sie, dass wir in unseren \u00dcBA-Gruppen immer nur 12 Pl\u00e4tze pro Gruppe haben.<br \/>Da die Klassenst\u00e4rke weitaus h\u00f6her ist, m\u00fcssen wir die Azubis auf mehrere Gruppen verteilen.<br \/>Aus diesem Grund ist die \u00dcBA-Gruppeneinteilung nicht f\u00fcr alle Auszubildenden einer Klasse identisch.<\/p>\n<p>&nbsp;<\/p>\n<p><strong>\u00dcBA- und Berufsschulplan 2025\/2026 Stand: 05.11.2025<\/strong><\/p>\n<p><a href=\"\/wp-content\/uploads\/2025\/11\/20251105_-2025_2026_Block-und-UeBA-Planung_aktuell.pdf\" target=\"_blank\" rel=\"noopener\">Download als pdf-Dokument hier<\/a><\/p>\n<p>[\/et_pb_text][et_pb_image src=&#8220;https:\/\/schornsteinfegerinnung-tuebingen.de\/wp-content\/uploads\/2025\/11\/20251105_block_und_ueba.jpg&#8220; title_text=&#8220;20251105_block_und_ueba&#8220; _builder_version=&#8220;4.27.4&#8243; _module_preset=&#8220;default&#8220; global_colors_info=&#8220;{}&#8220;][\/et_pb_image][\/et_pb_column][\/et_pb_row][\/et_pb_section][et_pb_section fb_built=&#8220;1&#8243; _builder_version=&#8220;4.27.4&#8243; _module_preset=&#8220;default&#8220; global_colors_info=&#8220;{}&#8220;][et_pb_row _builder_version=&#8220;4.27.4&#8243; _module_preset=&#8220;default&#8220; global_colors_info=&#8220;{}&#8220;][et_pb_column type=&#8220;4_4&#8243; _builder_version=&#8220;4.27.4&#8243; _module_preset=&#8220;default&#8220; global_colors_info=&#8220;{}&#8220;][et_pb_text _builder_version=&#8220;4.27.4&#8243; _module_preset=&#8220;default&#8220; global_colors_info=&#8220;{}&#8220;]<\/p>\n<p><strong>\u00dcBA-Planung 2025\/2026 Stand: 05.11.2025<\/strong><\/p>\n<p><a href=\"\/wp-content\/uploads\/2025\/11\/20251105_-2025_2026_UeBA-Plan-aktuell.pdf\" target=\"_blank\" rel=\"noopener\">Download als pdf-Dokument hier<\/a><\/p>\n<p>[\/et_pb_text][et_pb_image src=&#8220;https:\/\/schornsteinfegerinnung-tuebingen.de\/wp-content\/uploads\/2025\/11\/20251105_ueba.jpg&#8220; title_text=&#8220;20251105_ueba&#8220; _builder_version=&#8220;4.27.4&#8243; _module_preset=&#8220;default&#8220; global_colors_info=&#8220;{}&#8220;][\/et_pb_image][\/et_pb_column][\/et_pb_row][\/et_pb_section]<\/p>\n","protected":false},"excerpt":{"rendered":"<p>\u00dcbersicht Berufsschule und \u00dcBABITTE BEACHTEN: Die Klasseneinteilung seitens der Schule kann sich zum neuen Schuljahr aufgrund Verk\u00fcrzung etc. \u00e4ndern! Durch die gestiegene Zahl der Azubis im 1. Lehrjahr mussten wir unseren \u00dcBA-Plan anpassen.Bitte beachten Sie, dass wir in unseren \u00dcBA-Gruppen immer nur 12 Pl\u00e4tze pro Gruppe haben.Da die Klassenst\u00e4rke weitaus h\u00f6her ist, m\u00fcssen wir die [&hellip;]<\/p>\n","protected":false},"author":1,"featured_media":0,"parent":0,"menu_order":0,"comment_status":"closed","ping_status":"closed","template":"","meta":{"_et_pb_use_builder":"on","_et_pb_old_content":"","_et_gb_content_width":"","footnotes":""},"class_list":["post-325","page","type-page","status-publish","hentry"],"_links":{"self":[{"href":"https:\/\/schornsteinfegerinnung-tuebingen.de\/index.php\/wp-json\/wp\/v2\/pages\/325","targetHints":{"allow":["GET"]}}],"collection":[{"href":"https:\/\/schornsteinfegerinnung-tuebingen.de\/index.php\/wp-json\/wp\/v2\/pages"}],"about":[{"href":"https:\/\/schornsteinfegerinnung-tuebingen.de\/index.php\/wp-json\/wp\/v2\/types\/page"}],"author":[{"embeddable":true,"href":"https:\/\/schornsteinfegerinnung-tuebingen.de\/index.php\/wp-json\/wp\/v2\/users\/1"}],"replies":[{"embeddable":true,"href":"https:\/\/schornsteinfegerinnung-tuebingen.de\/index.php\/wp-json\/wp\/v2\/comments?post=325"}],"version-history":[{"count":14,"href":"https:\/\/schornsteinfegerinnung-tuebingen.de\/index.php\/wp-json\/wp\/v2\/pages\/325\/revisions"}],"predecessor-version":[{"id":1242,"href":"https:\/\/schornsteinfegerinnung-tuebingen.de\/index.php\/wp-json\/wp\/v2\/pages\/325\/revisions\/1242"}],"wp:attachment":[{"href":"https:\/\/schornsteinfegerinnung-tuebingen.de\/index.php\/wp-json\/wp\/v2\/media?parent=325"}],"curies":[{"name":"wp","href":"https:\/\/api.w.org\/{rel}","templated":true}]}}

Berufsschule und ÜBA

<p>[et_pb_section fb_built=&#8220;1&#8243; _builder_version=&#8220;4.27.4&#8243; _module_preset=&#8220;default&#8220; global_colors_info=&#8220;{}&#8220;][et_pb_row _builder_version=&#8220;4.27.4&#8243; _module_preset=&#8220;default&#8220; global_colors_info=&#8220;{}&#8220;][et_pb_column type=&#8220;4_4&#8243; _builder_version=&#8220;4.27.4&#8243; _module_preset=&#8220;default&#8220; global_colors_info=&#8220;{}&#8220;][et_pb_text _builder_version=&#8220;4.27.4&#8243; _module_preset=&#8220;default&#8220; global_colors_info=&#8220;{}&#8220;]</p>
<h1>Übersicht Berufsschule und ÜBA</h1>
<p>[/et_pb_text][/et_pb_column][/et_pb_row][/et_pb_section][et_pb_section fb_built=&#8220;1&#8243; _builder_version=&#8220;4.27.4&#8243; _module_preset=&#8220;default&#8220; custom_padding=&#8220;90px|||||&#8220; global_colors_info=&#8220;{}&#8220;][et_pb_row _builder_version=&#8220;4.27.4&#8243; _module_preset=&#8220;default&#8220; global_colors_info=&#8220;{}&#8220;][et_pb_column type=&#8220;4_4&#8243; _builder_version=&#8220;4.27.4&#8243; _module_preset=&#8220;default&#8220; global_colors_info=&#8220;{}&#8220;][et_pb_text _builder_version=&#8220;4.27.4&#8243; _module_preset=&#8220;default&#8220; global_colors_info=&#8220;{}&#8220;]</p>
<p>BITTE BEACHTEN: Die Klasseneinteilung seitens der Schule kann sich zum neuen Schuljahr aufgrund Verkürzung etc. ändern!</p>
<p>Durch die gestiegene Zahl der Azubis im 1. Lehrjahr mussten wir unseren ÜBA-Plan anpassen.<br />Bitte beachten Sie, dass wir in unseren ÜBA-Gruppen immer nur 12 Plätze pro Gruppe haben.<br />Da die Klassenstärke weitaus höher ist, müssen wir die Azubis auf mehrere Gruppen verteilen.<br />Aus diesem Grund ist die ÜBA-Gruppeneinteilung nicht für alle Auszubildenden einer Klasse identisch.</p>
<p>&nbsp;</p>
<p><strong>ÜBA- und Berufsschulplan 2025/2026 Stand: 05.11.2025</strong></p>
<p><a href="/wp-content/uploads/2025/11/20251105_-2025_2026_Block-und-UeBA-Planung_aktuell.pdf" target="_blank" rel="noopener">Download als pdf-Dokument hier</a></p>
<p>[/et_pb_text][et_pb_image src=&#8220;https://schornsteinfegerinnung-tuebingen.de/wp-content/uploads/2025/11/20251105_block_und_ueba.jpg&#8220; title_text=&#8220;20251105_block_und_ueba&#8220; _builder_version=&#8220;4.27.4&#8243; _module_preset=&#8220;default&#8220; global_colors_info=&#8220;{}&#8220;][/et_pb_image][/et_pb_column][/et_pb_row][/et_pb_section][et_pb_section fb_built=&#8220;1&#8243; _builder_version=&#8220;4.27.4&#8243; _module_preset=&#8220;default&#8220; global_colors_info=&#8220;{}&#8220;][et_pb_row _builder_version=&#8220;4.27.4&#8243; _module_preset=&#8220;default&#8220; global_colors_info=&#8220;{}&#8220;][et_pb_column type=&#8220;4_4&#8243; _builder_version=&#8220;4.27.4&#8243; _module_preset=&#8220;default&#8220; global_colors_info=&#8220;{}&#8220;][et_pb_text _builder_version=&#8220;4.27.4&#8243; _module_preset=&#8220;default&#8220; global_colors_info=&#8220;{}&#8220;]</p>
<p><strong>ÜBA-Planung 2025/2026 Stand: 05.11.2025</strong></p>
<p><a href="/wp-content/uploads/2025/11/20251105_-2025_2026_UeBA-Plan-aktuell.pdf" target="_blank" rel="noopener">Download als pdf-Dokument hier</a></p>
<p>[/et_pb_text][et_pb_image src=&#8220;https://schornsteinfegerinnung-tuebingen.de/wp-content/uploads/2025/11/20251105_ueba.jpg&#8220; title_text=&#8220;20251105_ueba&#8220; _builder_version=&#8220;4.27.4&#8243; _module_preset=&#8220;default&#8220; global_colors_info=&#8220;{}&#8220;][/et_pb_image][/et_pb_column][/et_pb_row][/et_pb_section]</p>

<p>Übersicht Berufsschule und ÜBABITTE BEACHTEN: Die Klasseneinteilung seitens der Schule kann sich zum neuen Schuljahr aufgrund Verkürzung etc. ändern! Durch die gestiegene Zahl der Azubis im 1. Lehrjahr mussten wir unseren ÜBA-Plan anpassen.Bitte beachten Sie, dass wir in unseren ÜBA-Gruppen immer nur 12 Plätze pro Gruppe haben.Da die Klassenstärke weitaus höher ist, müssen wir die [&hellip;]</p>
