{"id":301,"date":"2025-05-28T08:45:47","date_gmt":"2025-05-28T08:45:47","guid":{"rendered":"https:\/\/festive-benz.2-56-99-18.plesk.page\/schornsteinfeger-liv-baden-wuerttemberg\/?page_id=301"},"modified":"2025-08-14T08:22:11","modified_gmt":"2025-08-14T08:22:11","slug":"ausbildung-in-ulm","status":"publish","type":"page","link":"https:\/\/schornsteinfegerinnung-tuebingen.de\/index.php\/ausbildung-in-ulm\/","title":{"rendered":"Ausbildung in Ulm"},"content":{"rendered":"<p>[et_pb_section fb_built=&#8220;1&#8243; _builder_version=&#8220;4.27.4&#8243; _module_preset=&#8220;default&#8220; background_color=&#8220;rgba(0,0,0,0.43)&#8220; background_image=&#8220;https:\/\/festive-benz.2-56-99-18.plesk.page\/schornsteinfeger-liv-baden-wuerttemberg\/wp-content\/uploads\/2025\/05\/gebaeude_liv.jpg&#8220; background_blend=&#8220;darken&#8220; min_height=&#8220;485px&#8220; global_colors_info=&#8220;{%22gcid-4907c8d4-9eff-49de-91ce-43a2d3a729cf%22:%91%22background_color%22%93}&#8220;][\/et_pb_section][et_pb_section fb_built=&#8220;1&#8243; _builder_version=&#8220;4.27.4&#8243; _module_preset=&#8220;default&#8220; custom_margin=&#8220;||||false|false&#8220;][et_pb_row _builder_version=&#8220;4.27.4&#8243; _module_preset=&#8220;default&#8220; global_colors_info=&#8220;{}&#8220;][et_pb_column type=&#8220;4_4&#8243; _builder_version=&#8220;4.27.4&#8243; _module_preset=&#8220;default&#8220; global_colors_info=&#8220;{}&#8220;][et_pb_text _builder_version=&#8220;4.27.4&#8243; _module_preset=&#8220;default&#8220; text_text_color=&#8220;#000000&#8243; header_text_color=&#8220;#000000&#8243; custom_margin=&#8220;||-1px|||&#8220; global_colors_info=&#8220;{}&#8220;]<\/p>\n<h1 style=\"text-align: center;\"><span style=\"color: #0a0a0a;\">Ausbildung in Ulm<\/span><\/h1>\n<p>[\/et_pb_text][et_pb_text _builder_version=&#8220;4.27.4&#8243; _module_preset=&#8220;default&#8220; global_colors_info=&#8220;{}&#8220;]<\/p>\n<h3 style=\"text-align: center;\"><span style=\"color: #000000;\"><strong>Beste Bedingungen f\u00fcr Ihre Ausbildung<\/strong><\/span><\/h3>\n<p>[\/et_pb_text][\/et_pb_column][\/et_pb_row][et_pb_row column_structure=&#8220;1_3,2_3&#8243; _builder_version=&#8220;4.27.4&#8243; _module_preset=&#8220;default&#8220; custom_margin=&#8220;||||false|false&#8220; custom_padding=&#8220;||||false|false&#8220; global_colors_info=&#8220;{}&#8220;][et_pb_column type=&#8220;1_3&#8243; _builder_version=&#8220;4.27.4&#8243; _module_preset=&#8220;default&#8220; global_colors_info=&#8220;{}&#8220;][et_pb_image src=&#8220;https:\/\/festive-benz.2-56-99-18.plesk.page\/schornsteinfeger-liv-baden-wuerttemberg\/wp-content\/uploads\/2025\/05\/imgl1165.jpg&#8220; title_text=&#8220;imgl1165&#8243; _builder_version=&#8220;4.27.4&#8243; _module_preset=&#8220;default&#8220; width=&#8220;69%&#8220; animation_style=&#8220;fold&#8220; global_colors_info=&#8220;{}&#8220;][\/et_pb_image][\/et_pb_column][et_pb_column type=&#8220;2_3&#8243; _builder_version=&#8220;4.27.4&#8243; _module_preset=&#8220;default&#8220; global_colors_info=&#8220;{}&#8220;][et_pb_text _builder_version=&#8220;4.27.4&#8243; _module_preset=&#8220;default&#8220; width=&#8220;100%&#8220; custom_margin=&#8220;51px|||0px|false|false&#8220; custom_padding=&#8220;|||0px|false|false&#8220; hover_enabled=&#8220;0&#8243; global_colors_info=&#8220;{}&#8220; sticky_enabled=&#8220;0&#8243;]<\/p>\n<p style=\"text-align: left;\"><span>1987-88 wurde das Verwaltungsgeb\u00e4ude des Internats aufgestockt und die Gesch\u00e4ftsstelle des Landesinnungsverbandes<\/span><br \/><span>am Standort etabliert. Mitte der 90er Jahre wurde das Internatsgeb\u00e4ude erweitert und 2000 erstmals eigene Schulungsr\u00e4ume angebaut. Die zus\u00e4tzliche geschaffenen R\u00e4umlichkeiten f\u00fcr die Aus- und Weiterbildung geschaffen schaffen die Voraussetzugen, den sich \u00e4ndernden Anforderungen gerecht zu werden.<\/span><\/p>\n<p>[\/et_pb_text][\/et_pb_column][\/et_pb_row][et_pb_row _builder_version=&#8220;4.27.4&#8243; _module_preset=&#8220;default&#8220; min_height=&#8220;113.2px&#8220; custom_padding=&#8220;65px|||||&#8220; global_colors_info=&#8220;{}&#8220;][et_pb_column type=&#8220;4_4&#8243; _builder_version=&#8220;4.27.4&#8243; _module_preset=&#8220;default&#8220; global_colors_info=&#8220;{}&#8220;][et_pb_text _builder_version=&#8220;4.27.4&#8243; _module_preset=&#8220;default&#8220; custom_margin=&#8220;-55px||-55px||true|false&#8220; global_colors_info=&#8220;{}&#8220;]<\/p>\n<p>Seit Fertigstellung des<span>\u00a0<\/span><a title=\"Schornsteinfegerinternat\" href=\"http:\/\/www.schornsteinfegerinternat.de\/\" target=\"_blank\" rel=\"noopener\">Internats<\/a><span>\u00a0<\/span>1980 bietet Ulm eine zeitgem\u00e4\u00dfe und zukunftsorientierte Ausbildungsst\u00e4tte. Die Kombination aus Lehr- und Unterbringungsangebot schafft optimale Lernvoraussetzungen. Gut ausgestattete \u00dcbungs- und Versuchsr\u00e4ume erlauben im Rahmen der \u00fcberbetrieblichen Ausbildung direkt im Haus sowohl die praktische Unterweisung als auch die unmittelbare Anwendung gelernter Inhalte.<\/p>\n<figure class=\"imgright zoomable\"><\/figure>\n<p>Au\u00dferhalb der Unterrichtszeiten k\u00f6nnen Sch\u00fclerinnen und Sch\u00fcler ihr Wissen in Lerngruppen vertiefen oder das Freizeitangebotnutzen. Auf jedem Stockwerk l\u00e4dt eine Teek\u00fcche zum gem\u00fctlichen Beisammensein ein, im Untergeschoss befinden sich verschiedene Freizeitr\u00e4ume.<\/p>\n<p>[\/et_pb_text][\/et_pb_column][\/et_pb_row][et_pb_row _builder_version=&#8220;4.27.4&#8243; _module_preset=&#8220;default&#8220; global_colors_info=&#8220;{}&#8220;][et_pb_column type=&#8220;4_4&#8243; _builder_version=&#8220;4.27.4&#8243; _module_preset=&#8220;default&#8220; global_colors_info=&#8220;{}&#8220;][et_pb_text _builder_version=&#8220;4.27.4&#8243; _module_preset=&#8220;default&#8220; global_colors_info=&#8220;{}&#8220;]<\/p>\n<p>1987-88 wurde das Verwaltungsgeb\u00e4ude des Internats aufgestockt und die Gesch\u00e4ftsstelle des Landes-innungsverbandes am Standort etabliert. Mitte der 90er Jahre wurde das Internatsgeb\u00e4ude erweitert und 2000 erstmals eigene Schulungsr\u00e4ume angebaut. Die zus\u00e4tzliche geschaffenen R\u00e4umlichkeiten f\u00fcr die Aus- und Weiterbildung,\u00a0 stellen die Voraussetzuge dar, den sich \u00e4ndernden Anforderungen gerecht zu werden.<\/p>\n<div class=\"clear\"><\/div>\n<p>[\/et_pb_text][\/et_pb_column][\/et_pb_row][\/et_pb_section][et_pb_section fb_built=&#8220;1&#8243; _builder_version=&#8220;4.27.4&#8243; _module_preset=&#8220;default&#8220; background_color=&#8220;#F2F0EB&#8220;][et_pb_row _builder_version=&#8220;4.27.4&#8243; _module_preset=&#8220;default&#8220; global_colors_info=&#8220;{}&#8220;][et_pb_column type=&#8220;4_4&#8243; _builder_version=&#8220;4.27.4&#8243; _module_preset=&#8220;default&#8220; global_colors_info=&#8220;{}&#8220;][et_pb_gallery gallery_ids=&#8220;305,306,307,308&#8243; show_title_and_caption=&#8220;off&#8220; _builder_version=&#8220;4.27.4&#8243; _module_preset=&#8220;default&#8220; global_colors_info=&#8220;{}&#8220;][\/et_pb_gallery][\/et_pb_column][\/et_pb_row][\/et_pb_section][et_pb_section fb_built=&#8220;1&#8243; _builder_version=&#8220;4.27.4&#8243; _module_preset=&#8220;default&#8220;][et_pb_row column_structure=&#8220;1_2,1_2&#8243; _builder_version=&#8220;4.27.4&#8243; _module_preset=&#8220;default&#8220; global_colors_info=&#8220;{}&#8220;][et_pb_column type=&#8220;1_2&#8243; _builder_version=&#8220;4.27.4&#8243; _module_preset=&#8220;default&#8220; global_colors_info=&#8220;{}&#8220;][et_pb_text _builder_version=&#8220;4.27.4&#8243; _module_preset=&#8220;default&#8220; global_colors_info=&#8220;{}&#8220;]<\/p>\n<h3>Wohnen w\u00e4hrend der Ausbildung<\/h3>\n<p>&nbsp;<\/p>\n<p><strong>Schornsteinfegerinternat<\/strong><br \/><span>K\u00f6nigstra\u00dfe 94<\/span><br \/><span>89077 Ulm<\/span><br \/><span>Telefon: 0731 \/ 93 69 30<\/span><br \/><span>Telefax: 0731 \/ 93 93 13<\/span><\/p>\n<p><span><a href=\"http:\/\/www.schornsteinfegerinternat.de\/\" target=\"\">Weitere Informationen \u2192<\/a><\/span><\/p>\n<p><span><\/span><\/p>\n<p>[\/et_pb_text][\/et_pb_column][et_pb_column type=&#8220;1_2&#8243; _builder_version=&#8220;4.27.4&#8243; _module_preset=&#8220;default&#8220; global_colors_info=&#8220;{}&#8220;][et_pb_image src=&#8220;https:\/\/festive-benz.2-56-99-18.plesk.page\/schornsteinfeger-liv-baden-wuerttemberg\/wp-content\/uploads\/2025\/05\/imgl1172_1.jpg&#8220; title_text=&#8220;imgl1172_1&#8243; _builder_version=&#8220;4.27.4&#8243; _module_preset=&#8220;default&#8220; animation_style=&#8220;fold&#8220; global_colors_info=&#8220;{}&#8220;][\/et_pb_image][\/et_pb_column][\/et_pb_row][\/et_pb_section]<\/p>\n","protected":false},"excerpt":{"rendered":"<p>Ausbildung in UlmBeste Bedingungen f\u00fcr Ihre Ausbildung1987-88 wurde das Verwaltungsgeb\u00e4ude des Internats aufgestockt und die Gesch\u00e4ftsstelle des Landesinnungsverbandesam Standort etabliert. Mitte der 90er Jahre wurde das Internatsgeb\u00e4ude erweitert und 2000 erstmals eigene Schulungsr\u00e4ume angebaut. Die zus\u00e4tzliche geschaffenen R\u00e4umlichkeiten f\u00fcr die Aus- und Weiterbildung geschaffen schaffen die Voraussetzugen, den sich \u00e4ndernden Anforderungen gerecht zu werden.Seit Fertigstellung [&hellip;]<\/p>\n","protected":false},"author":1,"featured_media":0,"parent":0,"menu_order":0,"comment_status":"closed","ping_status":"closed","template":"","meta":{"_et_pb_use_builder":"on","_et_pb_old_content":"","_et_gb_content_width":"","footnotes":""},"class_list":["post-301","page","type-page","status-publish","hentry"],"_links":{"self":[{"href":"https:\/\/schornsteinfegerinnung-tuebingen.de\/index.php\/wp-json\/wp\/v2\/pages\/301","targetHints":{"allow":["GET"]}}],"collection":[{"href":"https:\/\/schornsteinfegerinnung-tuebingen.de\/index.php\/wp-json\/wp\/v2\/pages"}],"about":[{"href":"https:\/\/schornsteinfegerinnung-tuebingen.de\/index.php\/wp-json\/wp\/v2\/types\/page"}],"author":[{"embeddable":true,"href":"https:\/\/schornsteinfegerinnung-tuebingen.de\/index.php\/wp-json\/wp\/v2\/users\/1"}],"replies":[{"embeddable":true,"href":"https:\/\/schornsteinfegerinnung-tuebingen.de\/index.php\/wp-json\/wp\/v2\/comments?post=301"}],"version-history":[{"count":17,"href":"https:\/\/schornsteinfegerinnung-tuebingen.de\/index.php\/wp-json\/wp\/v2\/pages\/301\/revisions"}],"predecessor-version":[{"id":723,"href":"https:\/\/schornsteinfegerinnung-tuebingen.de\/index.php\/wp-json\/wp\/v2\/pages\/301\/revisions\/723"}],"wp:attachment":[{"href":"https:\/\/schornsteinfegerinnung-tuebingen.de\/index.php\/wp-json\/wp\/v2\/media?parent=301"}],"curies":[{"name":"wp","href":"https:\/\/api.w.org\/{rel}","templated":true}]}}

<p>[et_pb_section fb_built=&#8220;1&#8243; _builder_version=&#8220;4.27.4&#8243; _module_preset=&#8220;default&#8220; background_color=&#8220;rgba(0,0,0,0.43)&#8220; background_image=&#8220;https://festive-benz.2-56-99-18.plesk.page/schornsteinfeger-liv-baden-wuerttemberg/wp-content/uploads/2025/05/gebaeude_liv.jpg&#8220; background_blend=&#8220;darken&#8220; min_height=&#8220;485px&#8220; global_colors_info=&#8220;{%22gcid-4907c8d4-9eff-49de-91ce-43a2d3a729cf%22:%91%22background_color%22%93}&#8220;][/et_pb_section][et_pb_section fb_built=&#8220;1&#8243; _builder_version=&#8220;4.27.4&#8243; _module_preset=&#8220;default&#8220; custom_margin=&#8220;||||false|false&#8220;][et_pb_row _builder_version=&#8220;4.27.4&#8243; _module_preset=&#8220;default&#8220; global_colors_info=&#8220;{}&#8220;][et_pb_column type=&#8220;4_4&#8243; _builder_version=&#8220;4.27.4&#8243; _module_preset=&#8220;default&#8220; global_colors_info=&#8220;{}&#8220;][et_pb_text _builder_version=&#8220;4.27.4&#8243; _module_preset=&#8220;default&#8220; text_text_color=&#8220;#000000&#8243; header_text_color=&#8220;#000000&#8243; custom_margin=&#8220;||-1px|||&#8220; global_colors_info=&#8220;{}&#8220;]</p>
<h1 style="text-align: center;"><span style="color: #0a0a0a;">Ausbildung in Ulm</span></h1>
<p>[/et_pb_text][et_pb_text _builder_version=&#8220;4.27.4&#8243; _module_preset=&#8220;default&#8220; global_colors_info=&#8220;{}&#8220;]</p>
<h3 style="text-align: center;"><span style="color: #000000;"><strong>Beste Bedingungen für Ihre Ausbildung</strong></span></h3>
<p>[/et_pb_text][/et_pb_column][/et_pb_row][et_pb_row column_structure=&#8220;1_3,2_3&#8243; _builder_version=&#8220;4.27.4&#8243; _module_preset=&#8220;default&#8220; custom_margin=&#8220;||||false|false&#8220; custom_padding=&#8220;||||false|false&#8220; global_colors_info=&#8220;{}&#8220;][et_pb_column type=&#8220;1_3&#8243; _builder_version=&#8220;4.27.4&#8243; _module_preset=&#8220;default&#8220; global_colors_info=&#8220;{}&#8220;][et_pb_image src=&#8220;https://festive-benz.2-56-99-18.plesk.page/schornsteinfeger-liv-baden-wuerttemberg/wp-content/uploads/2025/05/imgl1165.jpg&#8220; title_text=&#8220;imgl1165&#8243; _builder_version=&#8220;4.27.4&#8243; _module_preset=&#8220;default&#8220; width=&#8220;69%&#8220; animation_style=&#8220;fold&#8220; global_colors_info=&#8220;{}&#8220;][/et_pb_image][/et_pb_column][et_pb_column type=&#8220;2_3&#8243; _builder_version=&#8220;4.27.4&#8243; _module_preset=&#8220;default&#8220; global_colors_info=&#8220;{}&#8220;][et_pb_text _builder_version=&#8220;4.27.4&#8243; _module_preset=&#8220;default&#8220; width=&#8220;100%&#8220; custom_margin=&#8220;51px|||0px|false|false&#8220; custom_padding=&#8220;|||0px|false|false&#8220; hover_enabled=&#8220;0&#8243; global_colors_info=&#8220;{}&#8220; sticky_enabled=&#8220;0&#8243;]</p>
<p style="text-align: left;"><span>1987-88 wurde das Verwaltungsgebäude des Internats aufgestockt und die Geschäftsstelle des Landesinnungsverbandes</span><br /><span>am Standort etabliert. Mitte der 90er Jahre wurde das Internatsgebäude erweitert und 2000 erstmals eigene Schulungsräume angebaut. Die zusätzliche geschaffenen Räumlichkeiten für die Aus- und Weiterbildung geschaffen schaffen die Voraussetzugen, den sich ändernden Anforderungen gerecht zu werden.</span></p>
<p>[/et_pb_text][/et_pb_column][/et_pb_row][et_pb_row _builder_version=&#8220;4.27.4&#8243; _module_preset=&#8220;default&#8220; min_height=&#8220;113.2px&#8220; custom_padding=&#8220;65px|||||&#8220; global_colors_info=&#8220;{}&#8220;][et_pb_column type=&#8220;4_4&#8243; _builder_version=&#8220;4.27.4&#8243; _module_preset=&#8220;default&#8220; global_colors_info=&#8220;{}&#8220;][et_pb_text _builder_version=&#8220;4.27.4&#8243; _module_preset=&#8220;default&#8220; custom_margin=&#8220;-55px||-55px||true|false&#8220; global_colors_info=&#8220;{}&#8220;]</p>
<p>Seit Fertigstellung des<span> </span><a title="Schornsteinfegerinternat" href="http://www.schornsteinfegerinternat.de/" target="_blank" rel="noopener">Internats</a><span> </span>1980 bietet Ulm eine zeitgemäße und zukunftsorientierte Ausbildungsstätte. Die Kombination aus Lehr- und Unterbringungsangebot schafft optimale Lernvoraussetzungen. Gut ausgestattete Übungs- und Versuchsräume erlauben im Rahmen der überbetrieblichen Ausbildung direkt im Haus sowohl die praktische Unterweisung als auch die unmittelbare Anwendung gelernter Inhalte.</p>
<figure class="imgright zoomable"></figure>
<p>Außerhalb der Unterrichtszeiten können Schülerinnen und Schüler ihr Wissen in Lerngruppen vertiefen oder das Freizeitangebotnutzen. Auf jedem Stockwerk lädt eine Teeküche zum gemütlichen Beisammensein ein, im Untergeschoss befinden sich verschiedene Freizeiträume.</p>
<p>[/et_pb_text][/et_pb_column][/et_pb_row][et_pb_row _builder_version=&#8220;4.27.4&#8243; _module_preset=&#8220;default&#8220; global_colors_info=&#8220;{}&#8220;][et_pb_column type=&#8220;4_4&#8243; _builder_version=&#8220;4.27.4&#8243; _module_preset=&#8220;default&#8220; global_colors_info=&#8220;{}&#8220;][et_pb_text _builder_version=&#8220;4.27.4&#8243; _module_preset=&#8220;default&#8220; global_colors_info=&#8220;{}&#8220;]</p>
<p>1987-88 wurde das Verwaltungsgebäude des Internats aufgestockt und die Geschäftsstelle des Landes-innungsverbandes am Standort etabliert. Mitte der 90er Jahre wurde das Internatsgebäude erweitert und 2000 erstmals eigene Schulungsräume angebaut. Die zusätzliche geschaffenen Räumlichkeiten für die Aus- und Weiterbildung,  stellen die Voraussetzuge dar, den sich ändernden Anforderungen gerecht zu werden.</p>
<div class="clear"></div>
<p>[/et_pb_text][/et_pb_column][/et_pb_row][/et_pb_section][et_pb_section fb_built=&#8220;1&#8243; _builder_version=&#8220;4.27.4&#8243; _module_preset=&#8220;default&#8220; background_color=&#8220;#F2F0EB&#8220;][et_pb_row _builder_version=&#8220;4.27.4&#8243; _module_preset=&#8220;default&#8220; global_colors_info=&#8220;{}&#8220;][et_pb_column type=&#8220;4_4&#8243; _builder_version=&#8220;4.27.4&#8243; _module_preset=&#8220;default&#8220; global_colors_info=&#8220;{}&#8220;][et_pb_gallery gallery_ids=&#8220;305,306,307,308&#8243; show_title_and_caption=&#8220;off&#8220; _builder_version=&#8220;4.27.4&#8243; _module_preset=&#8220;default&#8220; global_colors_info=&#8220;{}&#8220;][/et_pb_gallery][/et_pb_column][/et_pb_row][/et_pb_section][et_pb_section fb_built=&#8220;1&#8243; _builder_version=&#8220;4.27.4&#8243; _module_preset=&#8220;default&#8220;][et_pb_row column_structure=&#8220;1_2,1_2&#8243; _builder_version=&#8220;4.27.4&#8243; _module_preset=&#8220;default&#8220; global_colors_info=&#8220;{}&#8220;][et_pb_column type=&#8220;1_2&#8243; _builder_version=&#8220;4.27.4&#8243; _module_preset=&#8220;default&#8220; global_colors_info=&#8220;{}&#8220;][et_pb_text _builder_version=&#8220;4.27.4&#8243; _module_preset=&#8220;default&#8220; global_colors_info=&#8220;{}&#8220;]</p>
<h3>Wohnen während der Ausbildung</h3>
<p>&nbsp;</p>
<p><strong>Schornsteinfegerinternat</strong><br /><span>Königstraße 94</span><br /><span>89077 Ulm</span><br /><span>Telefon: 0731 / 93 69 30</span><br /><span>Telefax: 0731 / 93 93 13</span></p>
<p><span><a href="http://www.schornsteinfegerinternat.de/" target="">Weitere Informationen →</a></span></p>
<p><span></span></p>
<p>[/et_pb_text][/et_pb_column][et_pb_column type=&#8220;1_2&#8243; _builder_version=&#8220;4.27.4&#8243; _module_preset=&#8220;default&#8220; global_colors_info=&#8220;{}&#8220;][et_pb_image src=&#8220;https://festive-benz.2-56-99-18.plesk.page/schornsteinfeger-liv-baden-wuerttemberg/wp-content/uploads/2025/05/imgl1172_1.jpg&#8220; title_text=&#8220;imgl1172_1&#8243; _builder_version=&#8220;4.27.4&#8243; _module_preset=&#8220;default&#8220; animation_style=&#8220;fold&#8220; global_colors_info=&#8220;{}&#8220;][/et_pb_image][/et_pb_column][/et_pb_row][/et_pb_section]</p>

<p>Ausbildung in UlmBeste Bedingungen für Ihre Ausbildung1987-88 wurde das Verwaltungsgebäude des Internats aufgestockt und die Geschäftsstelle des Landesinnungsverbandesam Standort etabliert. Mitte der 90er Jahre wurde das Internatsgebäude erweitert und 2000 erstmals eigene Schulungsräume angebaut. Die zusätzliche geschaffenen Räumlichkeiten für die Aus- und Weiterbildung geschaffen schaffen die Voraussetzugen, den sich ändernden Anforderungen gerecht zu werden.Seit Fertigstellung [&hellip;]</p>
